{"id":233,"date":"2021-09-06T22:07:55","date_gmt":"2021-09-07T01:07:55","guid":{"rendered":"https:\/\/infraseg.net\/?post_type=product&#038;p=233"},"modified":"2021-09-21T19:49:56","modified_gmt":"2021-09-21T22:49:56","slug":"mascara-de-protecao-pff2-c-valvula-ksn-ca10578","status":"publish","type":"product","link":"https:\/\/infraseg.net\/?product=mascara-de-protecao-pff2-c-valvula-ksn-ca10578","title":{"rendered":"M\u00e1scara de Prote\u00e7\u00e3o PFF2 C\/ V\u00e1lvula KSN CA10578"},"content":{"rendered":"<p>M\u00e1scara de Prote\u00e7\u00e3o Respirat\u00f3ria Com V\u00e1lvula KSN CA10578.<\/p>\n<p>Confeccionado em quatro camadas, sendo: camada externa de fibra sint\u00e9tica de polipropileno; camada meio de fibras sint\u00e9tica estrutural.<br \/>\nCamada filtrante de fibra sint\u00e9tica com tratamento eletrost\u00e1tico, camada interna de fibra sint\u00e9tica de contato facial.<br \/>\nCom tirantes de cabe\u00e7a de el\u00e1stico para sustenta\u00e7\u00e3o da pe\u00e7a facial e tira met\u00e1lica para ajuste sobre o septo nasal.<\/p>\n<p>Certifica\u00e7\u00e3o INMETRO sob n\u00ba BRP235095 em conformidade com os requisitos estabelecidos pela Portaria n\u00ba 561, de 23 de Dezembro de 2014.<br \/>\nIndicado para prote\u00e7\u00e3o das vias respirat\u00f3rias contra poeiras, n\u00e9voas e fumos met\u00e1licos ou pl\u00e1sticos, tais como: asbesto*, s\u00edlica**, carv\u00e3o mineral, min\u00e9rio de alum\u00ednio, min\u00e9rio de ferro, fibras t\u00eaxteis, cimento refinado, cal, talco, soda c\u00e1ustica, sab\u00e3o em p\u00f3, poeiras vegetais, poeiras de lixamento e esmerilhamento, entre outros.<\/p>\n<p>Cors Dispon\u00edveis: Azul, branco ou Cinza. (Verificar disponibilidade em estoque).<\/p>\n","protected":false},"excerpt":{"rendered":"<p>M\u00e1scara de Prote\u00e7\u00e3o Respirat\u00f3ria Com V\u00e1lvula KSN CA10578.<\/p>\n<p>Confeccionado em quatro camadas, sendo: camada externa de fibra sint\u00e9tica de polipropileno; camada meio de fibras sint\u00e9tica estrutural.<br \/>\nCamada filtrante de fibra sint\u00e9tica com tratamento eletrost\u00e1tico, camada interna de fibra sint\u00e9tica de contato facial.<br \/>\nCom tirantes de cabe\u00e7a de el\u00e1stico para sustenta\u00e7\u00e3o da pe\u00e7a facial e tira met\u00e1lica para ajuste sobre o septo nasal.<\/p>\n","protected":false},"featured_media":234,"comment_status":"open","ping_status":"closed","template":"","meta":[],"product_brand":[],"product_cat":[22,46],"product_tag":[29,28,30],"class_list":{"0":"post-233","1":"product","2":"type-product","3":"status-publish","4":"has-post-thumbnail","6":"product_cat-epi","7":"product_cat-luvas","8":"product_tag-ca10578","9":"product_tag-mascara-de-protecao-pff2-c-valvula-ksn-ca10578","10":"product_tag-pff2","11":"product_shipping_class-cx_30x30","13":"first","14":"instock","15":"taxable","16":"shipping-taxable","17":"purchasable","18":"product-type-variable"},"_links":{"self":[{"href":"https:\/\/infraseg.net\/index.php?rest_route=\/wp\/v2\/product\/233","targetHints":{"allow":["GET"]}}],"collection":[{"href":"https:\/\/infraseg.net\/index.php?rest_route=\/wp\/v2\/product"}],"about":[{"href":"https:\/\/infraseg.net\/index.php?rest_route=\/wp\/v2\/types\/product"}],"replies":[{"embeddable":true,"href":"https:\/\/infraseg.net\/index.php?rest_route=%2Fwp%2Fv2%2Fcomments&post=233"}],"version-history":[{"count":1,"href":"https:\/\/infraseg.net\/index.php?rest_route=\/wp\/v2\/product\/233\/revisions"}],"predecessor-version":[{"id":488,"href":"https:\/\/infraseg.net\/index.php?rest_route=\/wp\/v2\/product\/233\/revisions\/488"}],"wp:featuredmedia":[{"embeddable":true,"href":"https:\/\/infraseg.net\/index.php?rest_route=\/wp\/v2\/media\/234"}],"wp:attachment":[{"href":"https:\/\/infraseg.net\/index.php?rest_route=%2Fwp%2Fv2%2Fmedia&parent=233"}],"wp:term":[{"taxonomy":"product_brand","embeddable":true,"href":"https:\/\/infraseg.net\/index.php?rest_route=%2Fwp%2Fv2%2Fproduct_brand&post=233"},{"taxonomy":"product_cat","embeddable":true,"href":"https:\/\/infraseg.net\/index.php?rest_route=%2Fwp%2Fv2%2Fproduct_cat&post=233"},{"taxonomy":"product_tag","embeddable":true,"href":"https:\/\/infraseg.net\/index.php?rest_route=%2Fwp%2Fv2%2Fproduct_tag&post=233"}],"curies":[{"name":"wp","href":"https:\/\/api.w.org\/{rel}","templated":true}]}}

Máscara de Proteção PFF2 C/ Válvula KSN CA10578

<p>Máscara de Proteção Respiratória Com Válvula KSN CA10578.</p>
<p>Confeccionado em quatro camadas, sendo: camada externa de fibra sintética de polipropileno; camada meio de fibras sintética estrutural.<br />
Camada filtrante de fibra sintética com tratamento eletrostático, camada interna de fibra sintética de contato facial.<br />
Com tirantes de cabeça de elástico para sustentação da peça facial e tira metálica para ajuste sobre o septo nasal.</p>
<p>Certificação INMETRO sob nº BRP235095 em conformidade com os requisitos estabelecidos pela Portaria nº 561, de 23 de Dezembro de 2014.<br />
Indicado para proteção das vias respiratórias contra poeiras, névoas e fumos metálicos ou plásticos, tais como: asbesto*, sílica**, carvão mineral, minério de alumínio, minério de ferro, fibras têxteis, cimento refinado, cal, talco, soda cáustica, sabão em pó, poeiras vegetais, poeiras de lixamento e esmerilhamento, entre outros.</p>
<p>Cors Disponíveis: Azul, branco ou Cinza. (Verificar disponibilidade em estoque).</p>

<p>Máscara de Proteção Respiratória Com Válvula KSN CA10578.</p>
<p>Confeccionado em quatro camadas, sendo: camada externa de fibra sintética de polipropileno; camada meio de fibras sintética estrutural.<br />
Camada filtrante de fibra sintética com tratamento eletrostático, camada interna de fibra sintética de contato facial.<br />
Com tirantes de cabeça de elástico para sustentação da peça facial e tira metálica para ajuste sobre o septo nasal.</p>
